{"id":25559,"date":"2023-06-28T01:56:55","date_gmt":"2023-06-28T01:56:55","guid":{"rendered":"https:\/\/aluminioshermanoscruz.com\/?page_id=25559"},"modified":"2024-02-29T07:59:00","modified_gmt":"2024-02-29T07:59:00","slug":"aviso-legal","status":"publish","type":"page","link":"https:\/\/aluminioshermanoscruz.com\/index.php\/aviso-legal\/","title":{"rendered":"Aviso Legal"},"content":{"rendered":"\t\t<div data-elementor-type=\"wp-page\" data-elementor-id=\"25559\" class=\"elementor elementor-25559\">\n\t\t\t\t<div class=\"elementor-element elementor-element-332e1ac5 e-flex e-con-boxed e-con e-parent\" data-id=\"332e1ac5\" data-element_type=\"container\" data-e-type=\"container\">\n\t\t\t\t\t<div class=\"e-con-inner\">\n\t\t\t\t<div class=\"elementor-element elementor-element-228e9f5f elementor-widget elementor-widget-text-editor\" data-id=\"228e9f5f\" data-element_type=\"widget\" data-e-type=\"widget\" data-widget_type=\"text-editor.default\">\n\t\t\t\t<div class=\"elementor-widget-container\">\n\t\t\t\t\t\t\t\t\t\n<div class=\"wp-block-cover alignfull\" style=\"min-height:600px;aspect-ratio:unset;\"><span aria-hidden=\"true\" class=\"wp-block-cover__background has-ast-global-color-3-background-color has-background-dim-80 has-background-dim\"><\/span><img fetchpriority=\"high\" decoding=\"async\" width=\"1920\" height=\"1080\" class=\"wp-block-cover__image-background wp-image-25005\" alt=\"\" src=\"https:\/\/aluminioshermanoscruz.com\/wp-content\/uploads\/2018\/12\/about-me-header-free-img-1.jpg\" data-object-fit=\"cover\" srcset=\"https:\/\/aluminioshermanoscruz.com\/wp-content\/uploads\/2018\/12\/about-me-header-free-img-1.jpg 1920w, https:\/\/aluminioshermanoscruz.com\/wp-content\/uploads\/2018\/12\/about-me-header-free-img-1-300x169.jpg 300w, https:\/\/aluminioshermanoscruz.com\/wp-content\/uploads\/2018\/12\/about-me-header-free-img-1-1024x576.jpg 1024w, https:\/\/aluminioshermanoscruz.com\/wp-content\/uploads\/2018\/12\/about-me-header-free-img-1-768x432.jpg 768w, https:\/\/aluminioshermanoscruz.com\/wp-content\/uploads\/2018\/12\/about-me-header-free-img-1-1536x864.jpg 1536w\" sizes=\"(max-width: 1920px) 100vw, 1920px\" \/><div class=\"wp-block-cover__inner-container is-layout-flow wp-block-cover-is-layout-flow\">\n<h1 class=\"wp-block-heading has-text-align-center\">Aviso Legal<\/h1>\n<\/div><\/div>\n\n\n\n<div class=\"inherit-container-width wp-block-group alignfull has-ast-global-color-5-background-color has-background is-layout-constrained wp-block-group-is-layout-constrained\"><div class=\"wp-block-group__inner-container\">\n<p><\/p>\n<\/div><\/div>\n\n\n\n<p><\/p>\n\t\t\t\t\t\t\t\t<\/div>\n\t\t\t\t<\/div>\n\t\t\t\t\t<\/div>\n\t\t\t\t<\/div>\n\t\t<div class=\"elementor-element elementor-element-0f56226 e-flex e-con-boxed e-con e-parent\" data-id=\"0f56226\" data-element_type=\"container\" data-e-type=\"container\">\n\t\t\t\t\t<div class=\"e-con-inner\">\n\t\t\t\t<div class=\"elementor-element elementor-element-da26bb3 elementor-widget elementor-widget-text-editor\" data-id=\"da26bb3\" data-element_type=\"widget\" data-e-type=\"widget\" data-widget_type=\"text-editor.default\">\n\t\t\t\t<div class=\"elementor-widget-container\">\n\t\t\t\t\t\t\t\t\t<p dir=\"auto\">AVISO LEGAL<\/p>\n<p dir=\"auto\">En cumplimiento de la Ley Org\u00e1nica 3\/2018, con fecha 6 de diciembre, de Protecci\u00f3n de Datos de Car\u00e1cter Personal y garant\u00eda de derechos digitales, de Servicios de la Sociedad de la Informaci\u00f3n y de comercio electr\u00f3nico, le comunicamos que su direcci\u00f3n de correo electr\u00f3nico forma parte de los ficheros automatizados de\u00a0<strong>Eva Blanes<\/strong>. Si desea modificar esta informaci\u00f3n rogamos nos lo comunique por medio de correo electr\u00f3nico al email\u00a0<a href=\"mailto:evablanes@bmlaboral.es\">evablanes@bmlaboral.es<\/a>.<\/p>\n<p dir=\"auto\">Este mensaje junto con cualquier fichero adjunto es confidencial y para uso exclusivo de la persona u organizaci\u00f3n a la que se dirige. Cualquier opini\u00f3n o consejo que se expresen en \u00e9l pertenecen \u00fanicamente a su autor y no representan necesariamente a la empresa. Si no es usted la persona a la que se dirige este correo, no lo copie, modifique, distribuya o utilice en ning\u00fan modo. Si ha recibido este correo por error, por favor, comun\u00edqueselo al remitente y b\u00f3rrelo. Aunque este correo ha sido comprobado en busca de virus u otros defectos, se declina la responsabilidad por cualquier p\u00e9rdida o da\u00f1o consecuencia de su recepci\u00f3n o uso.<\/p>\t\t\t\t\t\t\t\t<\/div>\n\t\t\t\t<\/div>\n\t\t\t\t\t<\/div>\n\t\t\t\t<\/div>\n\t\t\t\t<\/div>\n\t\t","protected":false},"excerpt":{"rendered":"<p>AVISO LEGAL En cumplimiento de la Ley Org\u00e1nica 3\/2018, con fecha 6 de diciembre, de Protecci\u00f3n de Datos de Car\u00e1cter Personal y garant\u00eda de derechos digitales, de Servicios de la Sociedad de la Informaci\u00f3n y de comercio electr\u00f3nico, le comunicamos que su direcci\u00f3n de correo electr\u00f3nico forma parte de los ficheros automatizados de\u00a0Eva Blanes. Si [&hellip;]<\/p>\n","protected":false},"author":1,"featured_media":0,"parent":0,"menu_order":0,"comment_status":"closed","ping_status":"closed","template":"","meta":{"_uag_custom_page_level_css":"","site-sidebar-layout":"no-sidebar","site-content-layout":"plain-container","ast-site-content-layout":"default","site-content-style":"default","site-sidebar-style":"default","ast-global-header-display":"","ast-banner-title-visibility":"","ast-main-header-display":"","ast-hfb-above-header-display":"","ast-hfb-below-header-display":"","ast-hfb-mobile-header-display":"","site-post-title":"disabled","ast-breadcrumbs-content":"","ast-featured-img":"disabled","footer-sml-layout":"","ast-disable-related-posts":"","theme-transparent-header-meta":"enabled","adv-header-id-meta":"","stick-header-meta":"","header-above-stick-meta":"","header-main-stick-meta":"","header-below-stick-meta":"","astra-migrate-meta-layouts":"default","ast-page-background-enabled":"default","ast-page-background-meta":{"desktop":{"background-color":"","background-image":"","background-repeat":"repeat","background-position":"center center","background-size":"auto","background-attachment":"scroll","background-type":"","background-media":"","overlay-type":"","overlay-color":"","overlay-opacity":"","overlay-gradient":""},"tablet":{"background-color":"","background-image":"","background-repeat":"repeat","background-position":"center center","background-size":"auto","background-attachment":"scroll","background-type":"","background-media":"","overlay-type":"","overlay-color":"","overlay-opacity":"","overlay-gradient":""},"mobile":{"background-color":"","background-image":"","background-repeat":"repeat","background-position":"center center","background-size":"auto","background-attachment":"scroll","background-type":"","background-media":"","overlay-type":"","overlay-color":"","overlay-opacity":"","overlay-gradient":""}},"ast-content-background-meta":{"desktop":{"background-color":"var(--ast-global-color-5)","background-image":"","background-repeat":"repeat","background-position":"center center","background-size":"auto","background-attachment":"scroll","background-type":"","background-media":"","overlay-type":"","overlay-color":"","overlay-opacity":"","overlay-gradient":""},"tablet":{"background-color":"var(--ast-global-color-5)","background-image":"","background-repeat":"repeat","background-position":"center center","background-size":"auto","background-attachment":"scroll","background-type":"","background-media":"","overlay-type":"","overlay-color":"","overlay-opacity":"","overlay-gradient":""},"mobile":{"background-color":"var(--ast-global-color-5)","background-image":"","background-repeat":"repeat","background-position":"center center","background-size":"auto","background-attachment":"scroll","background-type":"","background-media":"","overlay-type":"","overlay-color":"","overlay-opacity":"","overlay-gradient":""}},"footnotes":""},"class_list":["post-25559","page","type-page","status-publish","hentry"],"uagb_featured_image_src":{"full":false,"thumbnail":false,"medium":false,"medium_large":false,"large":false,"1536x1536":false,"2048x2048":false},"uagb_author_info":{"display_name":"aluminioshermano","author_link":"https:\/\/aluminioshermanoscruz.com\/index.php\/author\/hermanoscruz\/"},"uagb_comment_info":0,"uagb_excerpt":"AVISO LEGAL En cumplimiento de la Ley Org\u00e1nica 3\/2018, con fecha 6 de diciembre, de Protecci\u00f3n de Datos de Car\u00e1cter Personal y garant\u00eda de derechos digitales, de Servicios de la Sociedad de la Informaci\u00f3n y de comercio electr\u00f3nico, le comunicamos que su direcci\u00f3n de correo electr\u00f3nico forma parte de los ficheros automatizados de\u00a0Eva Blanes. Si&hellip;","_links":{"self":[{"href":"https:\/\/aluminioshermanoscruz.com\/index.php\/wp-json\/wp\/v2\/pages\/25559","targetHints":{"allow":["GET"]}}],"collection":[{"href":"https:\/\/aluminioshermanoscruz.com\/index.php\/wp-json\/wp\/v2\/pages"}],"about":[{"href":"https:\/\/aluminioshermanoscruz.com\/index.php\/wp-json\/wp\/v2\/types\/page"}],"author":[{"embeddable":true,"href":"https:\/\/aluminioshermanoscruz.com\/index.php\/wp-json\/wp\/v2\/users\/1"}],"replies":[{"embeddable":true,"href":"https:\/\/aluminioshermanoscruz.com\/index.php\/wp-json\/wp\/v2\/comments?post=25559"}],"version-history":[{"count":5,"href":"https:\/\/aluminioshermanoscruz.com\/index.php\/wp-json\/wp\/v2\/pages\/25559\/revisions"}],"predecessor-version":[{"id":25664,"href":"https:\/\/aluminioshermanoscruz.com\/index.php\/wp-json\/wp\/v2\/pages\/25559\/revisions\/25664"}],"wp:attachment":[{"href":"https:\/\/aluminioshermanoscruz.com\/index.php\/wp-json\/wp\/v2\/media?parent=25559"}],"curies":[{"name":"wp","href":"https:\/\/api.w.org\/{rel}","templated":true}]}}